011?
-110001000101001110000011000
In base 3, what is -10001202112222 + 11?
-10001202112211
In base 15, what is -69d + 191d?
1270
In base 16, what is -1473 - 2b72?
-3fe5
In base 8, what is -343 - 1311041?
-1311404
In base 16, what is -9 - -2844f5e?
2844f55
In base 13, what is -243742a82 + 0?
-243742a82
In base 7, what is -13016 - 11363?
-24412
In base 14, what is -43690c - 44?
-436952
In base 15, what is 5 + -54ae13?
-54ae0d
In base 16, what is -28 + b2b8e?
b2b66
In base 16, what is 107 - fff1?
-feea
In base 8, what is 40240 - 5113?
33125
In base 16, what is 12619 + 73c?
12d55
In base 14, what is 18d3708d + 4?
18d37093
In base 3, what is -12 - 20101210221101?
-20101210221120
In base 3, what is 12121012 - -12210?
12210222
In base 14, what is -343 + -2cc?
-631
In base 2, what is 0 + 10101011100000001101?
10101011100000001101
In base 2, what is -1001 + 11011110010001111001000?
11011110010001110111111
In base 14, what is 4462 - -8da2?
d424
In base 12, what is b - -2b037a?
2b0389
In base 16, what is c9db + -af?
c92c
In base 5, what is -140344 - 402124?
-1043023
In base 16, what is -5 - -a48bfd?
a48bf8
In base 8, what is 4 + -33617174?
-33617170
In base 6, what is 410 - -2453311?
2454121
In base 4, what is 1012222 - -1133002?
2211230
In base 8, what is -21722671 - 0?
-21722671
In base 7, what is -262640 - -416?
-262221
In base 8, what is 0 + -60123733?
-60123733
In base 15, what is 1d31 - 218?
1b18
In base 2, what is -10011010010011101110111011 - -1?
-10011010010011101110111010
In base 6, what is -21052 + 2503425?
2442333
In base 9, what is -20 + 817867?
817847
In base 5, what is -4103034 - -123042?
-3424442
In base 6, what is 2 + 1300510?
1300512
In base 6, what is 1110 + -53300?
-52150
In base 11, what is 2a1 + 152aa?
155a0
In base 16, what is -d25dadb + -3?
-d25dade
In base 15, what is 404e4c - -b4?
405011
In base 5, what is -133442330144 - 4?
-133442330203
In base 11, what is -218 - 1311939?
-1312056
In base 12, what is 1742 + 4057?
5799
In base 7, what is -11 - 43201330?
-43201341
In base 12, what is 605b7a7 - -33?
605b81a
In base 15, what is -38 - 24632d?
-246366
In base 2, what is 11111 + 1101010011001100010?
1101010011010000001
In base 16, what is 95a75 + 47?
95abc
In base 3, what is -22 - -10120220212122010?
10120220212121211
In base 15, what is -e0e832c + 0?
-e0e832c
In base 10, what is -32553 - -3761?
-28792
In base 5, what is 1310204 + -2002?
1303202
In base 4, what is -100 + 203112000?
203111300
In base 10, what is 4 + -43050108?
-43050104
In base 14, what is -1 + 16bb9b?
16bb9a
In base 6, what is 1 - -11533333542?
11533333543
In base 10, what is 5 + -10209281?
-10209276
In base 16, what is 28dde9 - -1?
28ddea
In base 12, what is 8 - 363555b?
-3635553
In base 11, what is 6 - 626865?
-62685a
In base 15, what is -37 + -89c85?
-89cbc
In base 15, what is -499166 - 1e?
-499185
In base 10, what is -3 - -93384830?
93384827
In base 4, what is -113111120 - -203203?
-112301311
In base 5, what is -1212143432131 + 3?
-1212143432123
In base 3, what is -10120121101 - -1011000?
-10112110101
In base 16, what is 7 - -174ac5f?
174ac66
In base 6, what is 240232 - -21411?
302043
In base 5, what is -340 - 4412203?
-4413043
In base 2, what is -11110 - 1000011100111101010?
-1000011101000001000
In base 10, what is 68448251 - 5?
68448246
In base 16, what is f46 - 364?
be2
In base 6, what is -52050 + -352?
-52442
In base 5, what is 13 + -432022330?
-432022312
In base 5, what is -223143401331 - 10?
-223143401341
In base 7, what is 225 + 20216104?
20216332
In base 13, what is -c15626 + 3?
-c15623
In base 16, what is -6f436 - -f7?
-6f33f
In base 11, what is 2297a13 + -6?
2297a08
In base 15, what is -1447e - -154?
-1432a
In base 10, what is -41 - 8568584?
-8568625
In base 9, what is -176256 + 2217?
-174038
In base 11, what is -3 + -40a033aa?
-40a03402
In base 10, what is -23118207 - 0?
-23118207
In base 12, what is -6a + -a42b?
-a499
In base 11, what is -13 - 44a9329?
-44a9341
In base 3, what is -1 - -10102110220111021?
10102110220111020
In base 5, what is -31024301 + 20143?
-31004103
In base 8, what is 57210 - -613?
60023
In base 7, what is 23320232 - -23?
23320255
In base 10, what is -241132 - -346?
-240786
In base 6, what is 432433 - -2034?
434511
In base 2, what is -111100011011010 - 1110110010110?
-1001011001110000
In base 15, what is 5 - -55863aa?
55863b0
In base 12, what is -1 + -14637a0?
-14637a1
In base 13, what is -13bc8 + b97?
-13031
In base 13, what is -32a39c8 + 4?
-32a39c4
In base 2, what is 1001101111110101 - 11?
1001101111110010
In base 6, what is 540032051 - 0?
540032051
In base 14, what is 843 - 1c8b65?
-1c8322
In base 7, what is -6533565 + -65?
-6533663
In base 6, what is 3152241202 - 5?
3152241153
In base 16, what is 5ce + -3c1a?
-364c
In base 3, what is 10012121000222 + 21?
10012121001020
In base 3, what is 11 - 12201000121110?
-12201000121022
In base 8, what is -2021630 - -336?
-2021272
In base 9, what is -32346646 - -23?
-32346623
In base 2, what is 101001111101101001110100 + -101?
101001111101101001101111
In base 2, what is -101 - -11101110111111011110001?
11101110111111011101100
In base 12, what is 7a82101 + -3?
7a820ba
In base 16, what is -2febd - 5?
-2fec2
In base 8, what is -201171 - -317?
-200652
In base 11, what is a3859033 + -4?
a385902a
In base 6, what is 13241240444 + 3?
13241240451
In base 9, what is 0 + -40568448?
-40568448
In base 5, what is -3 + 111323114440?
111323114432
In base 10, what is 27896788 + -2?
27896786
In base 15, what is 1dd - -113b5?
115a3
In base 13, what is 79 + -c60833?
-c60787
In base 15, what is -1092 - -394ba?
38428
In base 11, what is 22a + -13a52?
-13823
In base 6, what is -4234102 + 110?
-4233552
In base 12, what is -3 + 7ab11b10?
7ab11b09
In base 5, what is -33132 - -1421131?
1332444
In base 4, what is 311013110130 + 10?
311013110200
In base 13, what is 3 - -55a348a?
55a3490
In base 6, what is -223234115 - -3?
-223234112
In base 16, what is -2a15377 - -5?
-2a15372
In base 11, what is -12141210 + -5?
-12141215
In base 9, what is -7608 - 158003?
-166612
In base 10, what is 133279 + -4?
133275
In base 7, what is -5 + 111250422?
111250414
In base 10, what is -167 + 702963?
702796
In base 10, what is 520 + -227577?
-227057
In base 7, what is -1 - 6502115?
-6502116
In base 7, what is 3210 + -102256?
-66046
In base 11, what is -12739 - -12a?
-1260a
In base 15, what is 7996c4d - 2?
7996c4b
In base 13, what is 16a15c0b3 + -5?
16a15c0ab
In base 16, what is -134be0c - 6?
-134be12
In base 4, what is 10 + -10113120333201?
-10113120333131
In base 5, what is -102 - 103003214?
-103003321
In base 9, what is 1 + 367804?
367805
In base 11, what is -4 - -10150998?
10150994
In base 11, what is 57 + 1843a?
18496
In base 8, what is 502 + -150223?
-147521
In base 6, what is 1454 - -41130?
43024
In base 13, what is -9265 - -305?
-8c60
In base 5, what is -11 + 404122203344?
404122203333
In base 14, what is 5425c3 - 23?
5425a0
In base 13, what is -aab40 - -a05?
-aa138
In base 16, what is -1 + -46bb238?
-46bb239
In base 9, what is 158517 - 2?
158515
In base 16, what is 79509e + -1?
79509d
In base 2, what is 101000000010101 - -10100?
101000000101001
In base 3, what is 212 + 100120020222021?
100120021000010
In base 14, what is -44783d - 0?
-44783d
In base 14, what is d + -41410d8?
-41410c9
In base 4, what is -33 - -101213311333?
101213311300
In base 5, what is -21242 - 101432?
-123224
In base 5, what is -10141404214 - 141?
-10141404410
In base 5, what is 1014033 + -2041?
1011442
In base 4, what is -2220133130 + 103?
-2220133021
In base 6, what is 21 - 1003413324?
-1003413303
In base 9, what is -1263 + 41030?
38656
In base 4, what is 13 + -30210101203?
-30210101130
In base 3, what is -1 - -210201202000021?
210201202000020
In base 12, what is -3a8622 + b?
-3a8613
In base 14, what is 2 + -32400cd?
-32400cb
In base 16, what is -50 - -6879a?
6874a
In base 12, what is 2 + 11714b47?
11714b49
In base 10, what is -1 - -3989637?
3989636
In base 16, what is 1 - 4f369c?
-4f369b
In base 7, what is -14 - 135520515?
-135520532
In base 14, what is -3226 + -244?
-346a
In base 3, what is 222212110200202 + 20?
222212110200222
In base 15, what is -101e6409 - 6?
-101e6410
In base 7, what is -306350026 + 10?
-306350016
In base 13, what is -222 - -581c5